{"id":11674,"date":"2022-02-14T14:46:04","date_gmt":"2022-02-14T12:46:04","guid":{"rendered":"http:\/\/le-campus.org\/blog\/?page_id=11674"},"modified":"2022-02-14T14:47:56","modified_gmt":"2022-02-14T12:47:56","slug":"prevention","status":"publish","type":"page","link":"http:\/\/le-campus.org\/blog\/prevention\/","title":{"rendered":"Pr\u00e9vention"},"content":{"rendered":"\t\t<div data-elementor-type=\"wp-page\" data-elementor-id=\"11674\" class=\"elementor elementor-11674\">\n\t\t\t\t\t\t\t\t\t<section class=\"elementor-section elementor-top-section elementor-element elementor-element-81ebee3 elementor-section-boxed elementor-section-height-default elementor-section-height-default\" data-id=\"81ebee3\" data-element_type=\"section\">\n\t\t\t\t\t\t<div class=\"elementor-container elementor-column-gap-default\">\n\t\t\t\t\t<div class=\"elementor-column elementor-col-100 elementor-top-column elementor-element elementor-element-f5ade2e\" data-id=\"f5ade2e\" data-element_type=\"column\">\n\t\t\t<div class=\"elementor-widget-wrap elementor-element-populated\">\n\t\t\t\t\t\t\t\t<div class=\"elementor-element elementor-element-94640ef elementor-widget elementor-widget-text-editor\" data-id=\"94640ef\" data-element_type=\"widget\" data-widget_type=\"text-editor.default\">\n\t\t\t\t<div class=\"elementor-widget-container\">\n\t\t\t\t\t\t\t<h2>La pr\u00e9vention est une de nos actions principales.<\/h2><p>Retrouvez sur cette page notre vision de la pr\u00e9vention, et nos actions humanitaires.<\/p><p>\u00a0<\/p><p>Le Campus Espace Jeunes est aussi un lieu d\u2019information et d\u2019\u00e9coute, et accompagne les jeunes dans la mise en place de leurs projets.<\/p><p align=\"JUSTIFY\"><strong>Diff\u00e9rents projets de jeunes ont \u00e9t\u00e9 men\u00e9s :<\/strong><\/p><p align=\"JUSTIFY\">\u2013 La cr\u00e9ation d\u2019un <strong>jeu de soci\u00e9t\u00e9 interactif<\/strong> sur la consommation excessive d\u2019alcool chez les jeunes intitul\u00e9<\/p><p align=\"JUSTIFY\">\u00ab Sommes-nous des super-h\u00e9ros \u00bb. Ce jeu peut \u00eatre emprunt\u00e9 aupr\u00e8s de la structure pour \u00eatre mis en place dans les structures jeunesses ou \u00e9tablissements accueillant des adolescents.<\/p><ul><li>La cr\u00e9ation d\u2019un<strong> Manga<\/strong> (Bande Dessin\u00e9e Japonaise) intitul\u00e9 \u00ab Malgr\u00e9 ce qui nous oppose \u00bb sur le th\u00e8me du harc\u00e8lement scolaire mis en vente au campus au tarif de 8\u20ac.<\/li><li>La cr\u00e9ation d\u2019une <strong>Bande Dessin\u00e9e<\/strong> sur les dangers des drogues disponible au Campus Espace Jeunes gratuitement.<\/li><li>La mise en place <strong>Web Radio<\/strong> pour pr\u00e9venir et informer des dangers contre les discriminations \u00a0\u00a0 (en cours).<\/li><\/ul><ul><li>Un<strong> Court M\u00e9trage<\/strong> sur le th\u00e8me du cyber-harc\u00e8lement (en cours).<\/li><\/ul><h2 align=\"JUSTIFY\"><strong>Les Promeneurs du net<\/strong><\/h2><p>L\u2019animateur multim\u00e9dia du Campus est aussi Promeneur du net, il est pr\u00e9sent sur les r\u00e9seaux sociaux afin d\u2019accompagner les jeunes et les parents qui le d\u00e9sirent dans leur utilisation au num\u00e9rique. Il sert \u00e9galement de passerelle envers d\u2019autres professionnels selon le besoin ou la probl\u00e9matique.<\/p><p><a href=\"https:\/\/www.promeneursdunet.fr\/promeneur\/vendee\/mirat-jerome\">https:\/\/www.promeneursdunet.fr\/promeneur\/vendee\/mirat-jerome<\/a><\/p>\t\t\t\t\t\t<\/div>\n\t\t\t\t<\/div>\n\t\t\t\t\t<\/div>\n\t\t<\/div>\n\t\t\t\t\t\t\t<\/div>\n\t\t<\/section>\n\t\t\t\t\t\t\t<\/div>\n\t\t","protected":false},"excerpt":{"rendered":"<p>La pr\u00e9vention est une de nos actions principales. Retrouvez sur cette page notre vision de la pr\u00e9vention, et nos actions humanitaires. Le Campus Espace Jeunes est aussi un lieu d\u2019information &#8230;<\/p>\n","protected":false},"author":1,"featured_media":0,"parent":0,"menu_order":0,"comment_status":"closed","ping_status":"closed","template":"","meta":{"jetpack_post_was_ever_published":false,"footnotes":""},"yoast_head":"<!-- This site is optimized with the Yoast SEO plugin v20.1 - https:\/\/yoast.com\/wordpress\/plugins\/seo\/ -->\n<title>Pr\u00e9vention - Le Campus Espace Jeunes<\/title>\n<meta name=\"robots\" content=\"index, follow, max-snippet:-1, max-image-preview:large, max-video-preview:-1\" \/>\n<link rel=\"canonical\" href=\"https:\/\/le-campus.org\/blog\/prevention\/\" \/>\n<meta property=\"og:locale\" content=\"fr_FR\" \/>\n<meta property=\"og:type\" content=\"article\" \/>\n<meta property=\"og:title\" content=\"Pr\u00e9vention - Le Campus Espace Jeunes\" \/>\n<meta property=\"og:description\" content=\"La pr\u00e9vention est une de nos actions principales. Retrouvez sur cette page notre vision de la pr\u00e9vention, et nos actions humanitaires. Le Campus Espace Jeunes est aussi un lieu d\u2019information ...\" \/>\n<meta property=\"og:url\" content=\"https:\/\/le-campus.org\/blog\/prevention\/\" \/>\n<meta property=\"og:site_name\" content=\"Le Campus Espace Jeunes\" \/>\n<meta property=\"article:publisher\" content=\"https:\/\/www.facebook.com\/pages\/Le-Campus-Espace-Jeunes\/357197730957345\" \/>\n<meta property=\"article:modified_time\" content=\"2022-02-14T12:47:56+00:00\" \/>\n<meta name=\"twitter:label1\" content=\"Dur\u00e9e de lecture estim\u00e9e\" \/>\n\t<meta name=\"twitter:data1\" content=\"2 minutes\" \/>\n<script type=\"application\/ld+json\" class=\"yoast-schema-graph\">{\"@context\":\"https:\/\/schema.org\",\"@graph\":[{\"@type\":\"WebPage\",\"@id\":\"https:\/\/le-campus.org\/blog\/prevention\/\",\"url\":\"https:\/\/le-campus.org\/blog\/prevention\/\",\"name\":\"Pr\u00e9vention - Le Campus Espace Jeunes\",\"isPartOf\":{\"@id\":\"http:\/\/le-campus.org\/blog\/#website\"},\"datePublished\":\"2022-02-14T12:46:04+00:00\",\"dateModified\":\"2022-02-14T12:47:56+00:00\",\"inLanguage\":\"fr-FR\",\"potentialAction\":[{\"@type\":\"ReadAction\",\"target\":[\"https:\/\/le-campus.org\/blog\/prevention\/\"]}]},{\"@type\":\"WebSite\",\"@id\":\"http:\/\/le-campus.org\/blog\/#website\",\"url\":\"http:\/\/le-campus.org\/blog\/\",\"name\":\"Le Campus Espace Jeunes\",\"description\":\"\",\"publisher\":{\"@id\":\"http:\/\/le-campus.org\/blog\/#organization\"},\"potentialAction\":[{\"@type\":\"SearchAction\",\"target\":{\"@type\":\"EntryPoint\",\"urlTemplate\":\"http:\/\/le-campus.org\/blog\/?s={search_term_string}\"},\"query-input\":\"required name=search_term_string\"}],\"inLanguage\":\"fr-FR\"},{\"@type\":\"Organization\",\"@id\":\"http:\/\/le-campus.org\/blog\/#organization\",\"name\":\"Le Campus Espace Jeunes\",\"url\":\"http:\/\/le-campus.org\/blog\/\",\"logo\":{\"@type\":\"ImageObject\",\"inLanguage\":\"fr-FR\",\"@id\":\"http:\/\/le-campus.org\/blog\/#\/schema\/logo\/image\/\",\"url\":\"https:\/\/i0.wp.com\/le-campus.org\/blog\/wp-content\/uploads\/2016\/09\/cropped-Logo_Long-2.png?fit=285%2C90\",\"contentUrl\":\"https:\/\/i0.wp.com\/le-campus.org\/blog\/wp-content\/uploads\/2016\/09\/cropped-Logo_Long-2.png?fit=285%2C90\",\"width\":285,\"height\":90,\"caption\":\"Le Campus Espace Jeunes\"},\"image\":{\"@id\":\"http:\/\/le-campus.org\/blog\/#\/schema\/logo\/image\/\"},\"sameAs\":[\"https:\/\/www.facebook.com\/pages\/Le-Campus-Espace-Jeunes\/357197730957345\"]}]}<\/script>\n<!-- \/ Yoast SEO plugin. -->","yoast_head_json":{"title":"Pr\u00e9vention - Le Campus Espace Jeunes","robots":{"index":"index","follow":"follow","max-snippet":"max-snippet:-1","max-image-preview":"max-image-preview:large","max-video-preview":"max-video-preview:-1"},"canonical":"https:\/\/le-campus.org\/blog\/prevention\/","og_locale":"fr_FR","og_type":"article","og_title":"Pr\u00e9vention - Le Campus Espace Jeunes","og_description":"La pr\u00e9vention est une de nos actions principales. Retrouvez sur cette page notre vision de la pr\u00e9vention, et nos actions humanitaires. Le Campus Espace Jeunes est aussi un lieu d\u2019information ...","og_url":"https:\/\/le-campus.org\/blog\/prevention\/","og_site_name":"Le Campus Espace Jeunes","article_publisher":"https:\/\/www.facebook.com\/pages\/Le-Campus-Espace-Jeunes\/357197730957345","article_modified_time":"2022-02-14T12:47:56+00:00","twitter_misc":{"Dur\u00e9e de lecture estim\u00e9e":"2 minutes"},"schema":{"@context":"https:\/\/schema.org","@graph":[{"@type":"WebPage","@id":"https:\/\/le-campus.org\/blog\/prevention\/","url":"https:\/\/le-campus.org\/blog\/prevention\/","name":"Pr\u00e9vention - Le Campus Espace Jeunes","isPartOf":{"@id":"http:\/\/le-campus.org\/blog\/#website"},"datePublished":"2022-02-14T12:46:04+00:00","dateModified":"2022-02-14T12:47:56+00:00","inLanguage":"fr-FR","potentialAction":[{"@type":"ReadAction","target":["https:\/\/le-campus.org\/blog\/prevention\/"]}]},{"@type":"WebSite","@id":"http:\/\/le-campus.org\/blog\/#website","url":"http:\/\/le-campus.org\/blog\/","name":"Le Campus Espace Jeunes","description":"","publisher":{"@id":"http:\/\/le-campus.org\/blog\/#organization"},"potentialAction":[{"@type":"SearchAction","target":{"@type":"EntryPoint","urlTemplate":"http:\/\/le-campus.org\/blog\/?s={search_term_string}"},"query-input":"required name=search_term_string"}],"inLanguage":"fr-FR"},{"@type":"Organization","@id":"http:\/\/le-campus.org\/blog\/#organization","name":"Le Campus Espace Jeunes","url":"http:\/\/le-campus.org\/blog\/","logo":{"@type":"ImageObject","inLanguage":"fr-FR","@id":"http:\/\/le-campus.org\/blog\/#\/schema\/logo\/image\/","url":"https:\/\/i0.wp.com\/le-campus.org\/blog\/wp-content\/uploads\/2016\/09\/cropped-Logo_Long-2.png?fit=285%2C90","contentUrl":"https:\/\/i0.wp.com\/le-campus.org\/blog\/wp-content\/uploads\/2016\/09\/cropped-Logo_Long-2.png?fit=285%2C90","width":285,"height":90,"caption":"Le Campus Espace Jeunes"},"image":{"@id":"http:\/\/le-campus.org\/blog\/#\/schema\/logo\/image\/"},"sameAs":["https:\/\/www.facebook.com\/pages\/Le-Campus-Espace-Jeunes\/357197730957345"]}]}},"jetpack_sharing_enabled":true,"jetpack_shortlink":"https:\/\/wp.me\/P7SwBl-32i","jetpack-related-posts":[],"amp_enabled":true,"_links":{"self":[{"href":"http:\/\/le-campus.org\/blog\/wp-json\/wp\/v2\/pages\/11674"}],"collection":[{"href":"http:\/\/le-campus.org\/blog\/wp-json\/wp\/v2\/pages"}],"about":[{"href":"http:\/\/le-campus.org\/blog\/wp-json\/wp\/v2\/types\/page"}],"author":[{"embeddable":true,"href":"http:\/\/le-campus.org\/blog\/wp-json\/wp\/v2\/users\/1"}],"replies":[{"embeddable":true,"href":"http:\/\/le-campus.org\/blog\/wp-json\/wp\/v2\/comments?post=11674"}],"version-history":[{"count":0,"href":"http:\/\/le-campus.org\/blog\/wp-json\/wp\/v2\/pages\/11674\/revisions"}],"wp:attachment":[{"href":"http:\/\/le-campus.org\/blog\/wp-json\/wp\/v2\/media?parent=11674"}],"curies":[{"name":"wp","href":"https:\/\/api.w.org\/{rel}","templated":true}]}}